*g + 10. Let f = 5 - 3. Suppose 0 = f*c + 2*c, 52 = 4*j + 4*c. Calculate the remainder when q(4) is divided by j.
12
Let o be (0 - (-3)/6)*-2. What is the remainder when (0 - -2)*(2 + o) is divided by 1?
0
Suppose f = -f + 4. Let n = f + 10. Let h = 11 + 11. What is the remainder when h is divided by n?
10
Let f be 85/3 + 5/(-15). What is the remainder when 37 is divided by (f/(-8) + -3)*-2?
11
Let n(r) = 2*r**2 - 6*r + 3. Let i be (2 - (-28)/(-12))*6. Let y(k) = -14*k + 2. What is the remainder when y(i) is divided by n(4)?
8
Let p = 23 + 1. Calculate the remainder when 71 is divided by p.
23
Suppose -2 = -3*g + 1. Calculate the remainder when (1 + 0)/g + 26 is divided by 14.
13
Let m(f) = -f**2 - 7*f + 1. Let w be m(-5). Suppose -v = -2*v + w. Let n(j) = -j + 15. What is the remainder when 6 is divided by n(v)?
2
Let i(y) = 3*y**2 + y - 6 - 3*y**2 + 2*y**2. Let u be i(-5). Suppose 0*g - 2*g = 3*v - u, 2*v = -g + 21. What is the remainder when g is divided by 8?
7
Let a = 198 + -180. What is the remainder when 49 is divided by a?
13
Suppose -4*x = -8*x. Suppose x = 4*a - 31 - 25. What is the remainder when 39 is divided by a?
11
Let y be (80/30)/(2/3). Calculate the remainder when 463/y + (-3)/4 is divided by 29.
28
Let x(p) be the first derivative of 2*p**2 + p + 1. What is the remainder when x(7) is divided by 15?
14
Suppose -p - 10 = 3*v, -6*p = -5*p - 3*v - 20. Calculate the remainder when 12 is divided by p.
2
Let v(i) = -i**3 - 7*i**2 - 2*i + 5. What is the remainder when 56 is divided by v(-7)?
18
Suppose 0*q = 2*q - 8. What is the remainder when 6 is divided by q?
2
Let o(s) = s**3 + 5*s**2 + 3*s - 1. Let f(b) = 3*b + 4. Suppose p + 2*p = 18. Calculate the remainder when f(p) is divided by o(-3).
6
What is the remainder when 25 is divided by 14 - 0/((6/(-2))/3)?
11
Calculate the remainder when 86 is divided by 2/4 - 45/(-2).
17
Let u = -7 + 14. Let c(v) = -6*v + 2*v - u*v + 3. Calculate the remainder when c(-5) is divided by 20.
18
Suppose -4*w + 5*o - 123 = 0, -2*o - 66 = 5*w - 3*w. Let z = w - -60. What is the remainder when 53 is divided by z?
25
Suppose 399 = 13*f - 563. What is the remainder when f is divided by 19?
17
Suppose -3*z - 5*d + 466 = 0, -3*d = -4*z + 3*z + 146. Calculate the remainder when z is divided by 13.
9
Suppose 10*q + 0*q - 540 = 0. Calculate the remainder when q is divided by 28.
26
Let x be (-1788)/(-27) + 4/(-18). Suppose -x = -7*k + 4*k. What is the remainder when (-1)/3 + k/3 is divided by 4?
3
Let p(c) be the third derivative of 0*c - 1/6*c**3 + c**2 + 5/24*c**4 + 0. What is the remainder when 41 is divided by p(3)?
13
Suppose -7 + 1 = 3*p. Let g(t) = -2*t**3 - 3*t**2 - t - 2. Let m be g(p). Suppose 0 = -m*f + f + 81. Calculate the remainder when f is divided by 7.
6
What is the remainder when 54 is divided by 1 + (-6)/4 + 46/4?
10
Let t(o) = 5*o**2 - 6*o + 6. Calculate the remainder when t(4) is divided by (-6)/(-24) + (-126)/(-8).
14
Suppose -i = -5*p + 14, 5*p + i + 2 - 8 = 0. What is the remainder when p is divided by 1?
0
Let u = 6 + 4. Let p be (1/3)/((-3)/(-9)). Let n = u - p. What is the remainder when 25 is divided by n?
7
Let r be 2/(-6) + (-3)/(-9). Suppose -4*k = 5*j + 5, 0 = -r*k + 4*k + 2*j - 10. What is the remainder when k is divided by 3?
2
Let w(r) = r**3 + 14*r**2 - r + 1. Calculate the remainder when w(-14) is divided by (-10)/(-1) + -7 + 5.
7
Suppose -4*r - 4*j = -10 + 2, 2*j + 5 = r. Suppose 0*a = -r*a + 18. Suppose -8 + 0 = -2*p. What is the remainder when a is divided by p?
2
What is the remainder when (-3 + 0 + -22)*-3 is divided by 13?
10
Suppose 2*g - 24 = 5*q, 8*g - 43 = 3*g + 4*q. What is the remainder when g is divided by 2?
1
Suppose -2*y + 4*l = -20, -3*l + 2*l - 14 = -y. Suppose g = 4*q + 8 - 2, -q - 10 = 4*g. Calculate the remainder when (161 + q)/3*1 is divided by y.
17
Calculate the remainder when (-1)/(194/(-282) - (-6)/9) is divided by 30.
17
Suppose 0*i + 4*i - 52 = 0. Suppose -7 - 3 = -2*k. What is the remainder when i is divided by k?
3
Suppose -2*c + 5*r = 0, -2*c + 4*r = -0*c. Let z be 2/(-4) - (34/(-4) - -4). Suppose c*b = -z*b + 76. Calculate the remainder when b is divided by 11.
8
Let q = -13 + -2. Calculate the remainder when 17 is divided by 37/4 + q/(-20).
7
Let o(u) be the first derivative of -1/3*u**3 + 4*u**2 - 3*u + 1. Calculate the remainder when 17 is divided by o(6).
8
Let b(g) = -g**3 - 11*g**2 - 2*g - 14. Calculate the remainder when (22/(-6))/((-3)/18) is divided by b(-11).
6
Let n(z) = -z**3 + 6*z**2 + 1. Let k(a) = a - 2. Let f be k(8). Calculate the remainder when 3 is divided by n(f).
0
Suppose -36 = -6*b - 12. What is the remainder when 33*(-1 + 12/9) is divided by b?
3
Let l(j) = 12*j**2 - 2*j. What is the remainder when l(-1) is divided by 3?
2
Let c = 73 + -46. Let u = -15 + c. Calculate the remainder when 35 is divided by u.
11
Let f(m) = -m**2 + 22*m - 20. Calculate the remainder when f(18) is divided by 11.
8
Let r(f) = f + 1. Let k = -7 + 15. What is the remainder when r(14) is divided by k?
7
Suppose 5*u - 13 - 7 = 0. Let y = u - -10. Suppose -6*d + d + 40 = -3*o, -5*d + 40 = -o. What is the remainder when y is divided by d?
6
Let n(z) = -12*z + 15. Calculate the remainder when n(-10) is divided by 34.
33
Suppose 12*y - 9 = 3. Let w(i) be the third derivative of 5*i**4/8 + i**3/6 + i**2. Calculate the remainder when 46 is divided by w(y).
14
Let b be 2/(-1) + 62 + 2. Let w = b - 31. Calculate the remainder when w is divided by (-66)/(-30)*5*1.
9
Let q = -3 + 1. Let a = -44 - -100. What is the remainder when a is divided by (-57)/(-2)*q/(-3)?
18
Let a(y) = y**3 - 2*y + 1. Let g be a(2). Suppose -4*q = 5*d + q - 15, 9 = -d - g*q. Calculate the remainder when 17 is divided by d.
5
Let b(o) = 30*o - 4. Let n(t) = -299*t + 39. Let k(a) = -39*b(a) - 4*n(a). Let h(q) = 2*q - 3. Calculate the remainder when k(1) is divided by h(6).
8
Let m = -3 + 4. Let h be 0/1*(-6 + 7). What is the remainder when (m - h) + (6 - 0) is divided by 4?
3
Suppose 0*s = 3*s - 18. What is the remainder when 26 is divided by (-3)/(2*(-1)/s)?
8
Suppose -3*k = -4*q, 2*q + 3*k - 6 = 4*q. Calculate the remainder when 5 is divided by ((-2)/(-2))/(1/q).
2
Let j be 2/(-6)*9/3. Let h = -18 + 18. What is the remainder when 14 is divided by h/((-3)/j) - -5?
4
Let n(l) = -l**3 + 7*l**2 - l. Let s be n(7). Let j = 53 + -10. Calculate the remainder when j is divided by (-2)/s + 103/7.
13
Let l(k) = k**3 - 3*k**2 + 3*k - 2. Let p be (24/(-9))/((-12)/(-18)). What is the remainder when p/(-6) + (-275)/(-15) is divided by l(3)?
5
Suppose 2*v = 3*h - 143, 6*h + 2*v - 127 = 3*h. Calculate the remainder when 131 is divided by h.
41
Suppose 15*f = 8*f + 315. Calculate the remainder when f is divided by 23.
22
Calculate the remainder when (-4)/(-3) - 2/(36/(-390)) is divided by 13.
10
Let i(v) = -v**3 - 4*v**2 + 3*v - 7. Let g be i(-5). Suppose 41 - 122 = -g*m. Suppose 56 = 4*f - 0*f. Calculate the remainder when m is divided by f.
13
Let i be ((-112)/(-40))/(4/10). Suppose 0 = 3*w + 4 - 34. Calculate the remainder when 402/14 - (-2)/i is divided by w.
9
Let v = 39 - -2. Let k = v - -11. Calculate the remainder when (k/(-6) + 0)*-3 is divided by 9.
8
Let b be (2*(-15)/(-6))/1. Suppose 0 = b*u + 2*q - 298, 3*q - 120 = -2*u + 2*q. What is the remainder when u is divided by 15?
13
Let s be (-6)/(-10)*(0 - -35). Let y = s - 1. What is the remainder when 39 is divided by y?
19
Let i(d) = -41*d - 31. Calculate the remainder when i(-2) is divided by 11.
7
Let d(i) = -15*i**2 + 2*i + 1. Let x be d(-1). Let z = -2 - x. Calculate the remainder when 41 is divided by z.
13
Let h be (-2)/6 - 750/45. Let f = h - -28. What is the remainder when 19 is divided by f?
8
Let j(g) = -g**2 + g + 2. Let y be j(2). Suppose y*v - 3*a = -v + 47, -4*a = 2*v - 104. Let c = -29 + v. What is the remainder when 40 is divided by c?
19
Let a = -32 - -53. Let j = -27 - -35. What is the remainder when a is divided by j?
5
Suppose 3*u - 46 = -5*h, -3*u + 26 = -0*u - 5*h. Let z be (0 + 3)*(-160)/u. Calculate the remainder when 62 is divided by (2/5)/((-1)/z).
14
Let n(y) = 2*y**2 - 3*y + 2. Let d be n(2). Suppose d*h - 14 = 138. What is the remainder when h is divided by 2/5 + (-98)/(-5)?
18
Suppose -p + 5*i = 11, -4